*3 + i**2 + 4*i + 2. Let h be o(0). Let g(z) = z - 17 - h*z + 30 - 20. What is g(-5)?
-2
Let h be (-4170)/(-21) + (-9)/(-21). Let o(v) = -408*v**3 + h*v**3 - 4*v + 210*v**3 - 2*v**2. Determine o(4).
16
Suppose -9*o + 1 + 152 = 8*o. Let n(g) = -6*g + 50. Calculate n(o).
-4
Let m(b) = -6*b**2 + b + 9. Let u be m(4). Let c = u + 88. Let z(r) = 1 - 10*r**3 + 4*r**2 + 5*r**3 - r + c*r**2 - 8*r**2. Calculate z(1).
-4
Let h be 4/(-7)*(-182)/52. Let i(a) = -36*a**3 + 7*a - 2*a**h + 1 + 8*a**2 + 37*a**3 + 5. Determine i(-4).
10
Let i(t) be the second derivative of t**8/6720 - t**7/280 + t**6/120 + t**5/15 - t**4 + 7*t + 2. Let h(l) be the third derivative of i(l). What is h(8)?
-8
Suppose 11*n + 3 = -23 + 4. Let r(q) = 2*q**3 + q - 2. What is r(n)?
-20
Let c(j) = j**3 + 16*j**2 + 4. Let q(o) = 5*o**3 + 65*o**2 + 17. Let b(m) = 9*c(m) - 2*q(m). Suppose 359*h + 374*h = 284*h + 6286. Calculate b(h).
2
Let c be 6*(8 + (-2)/((-24)/(-90))). Let h(f) = -1 + 5*f - 3*f + 2. What is h(c)?
7
Let g(b) = 22 + 17*b**2 - b - 23*b + 38*b**2 - 56*b**2. Give g(-17).
141
Let r(q) be the first derivative of 7 - 1/2*q**2 + 10*q. Let u be r(15). Let l(y) = y - 7. Give l(u).
-12
Let f be ((-4 - 20) + 14)/((-2)/3). Suppose 4*j + 6 = -c, -f*c + 12*c + 9 = 3*j. Let u(y) = y**2 - 8*y + 8. What is u(c)?
-4
Let h(q) = 2*q**2 - 149*q + 240. Let j be h(73). Let b(g) = 2*g**3 - 40*g**2 - 45*g + 56. Give b(j).
-7
Let v(x) = 9*x**2 - 11*x - 1. Let l(u) = -25*u**2 + 31*u + 4. Suppose -m + 0*y = 5*y - 11, 4*m - 44 = 2*y. Let i(j) = m*v(j) + 4*l(j). What is i(-2)?
-5
Suppose 8 = -5*k - 2*w, 15 = -2*k + 4*w + 7. Let g(h) = 3*h + 7. What is g(k)?
1
Let i(m) = -2*m**2 + 4*m - 6. Suppose -2*l = -6*p + 3*p + 23, 4*l + 16 = 0. Suppose -p*d - 144 + 169 = 0. Give i(d).
-36
Suppose 15*x - 11*x = -3*y - 23, 2*y = 4*x + 18. Let h(n) = -3*n - 2*n**2 - n**2 - n**3 - 3*n**2 + 6. What is h(x)?
-4
Let o(x) = x - 19. Let a be o(16). Let k(d) = -10 + 0 + 3 - 5*d + 4 - d**2. What is k(a)?
3
Let c = 78/11 + -145/22. Let i(t) be the third derivative of -t**2 + 1/12*t**4 + 0 + 0*t - c*t**3. Calculate i(6).
9
Let f be (-6)/(-4)*490/105. Let c(p) = -p**2 + 8*p + 5. Let z(n) = -3*n**2 + 24*n + 15. Let j(y) = 17*c(y) - 6*z(y). Give j(f).
-12
Let s(p) = -400*p + 1203. Let k be s(3). Let l(c) = -c**2 - c. Let j(n) = -n**3 + 10*n**2 + 2*n - 3. Let g(h) = j(h) + 5*l(h). Give g(k).
6
Let g be (-1)/(-3) + (-2)/(-3). Let n(c) = -241*c + 20. Let m(z) = 134*z - 11. Let r(i) = 18*m(i) + 10*n(i). Determine r(g).
4
Suppose -d + 5*f = 9, 4*d + 3*f = 3*d + 15. Let a(s) be the third derivative of -s**5/60 + 5*s**4/12 - 3*s**3/2 + 25*s**2. What is a(d)?
15
Let v(b) = -28*b + 423. Let y(j) = -82*j + 1165. Let m(h) = -8*v(h) + 3*y(h). Determine m(5).
1
Suppose 60 = -5*d + n, 3*n = 2*d - 3 + 40. Let h(s) = s**3 + 11*s**2 - 3*s - 24. What is h(d)?
9
Let t(q) = -q**3 - 12*q**2 + q - 21. Let z = -22805 + 22793. Calculate t(z).
-33
Let b(j) = 33*j - 695. Let w be b(21). Let q(m) = -m**3 - m**2 - 3*m - 11. Calculate q(w).
-1
Let m(h) = 14*h**2 + 158*h**3 + 2 - 21*h + 165*h**3 - 322*h**3. Determine m(-15).
92
Suppose 0 = -3*p + 4234 - 4366. Let c be -41 - -3 - (-1 + 2). Let w = p - c. Let b(t) = -t. Calculate b(w).
5
Suppose -5*f + 991 = 151. Suppose 0 = -d - 165 + f. Suppose d*y + 5 = 5*j - 3, 3*y + 28 = -5*j. Let u(c) = c + 2. What is u(y)?
-4
Let h(m) be the third derivative of m**6/120 - 13*m**5/60 - 11*m**4/24 - 19*m**3/2 - 3712*m**2. Determine h(14).
-15
Let z(d) = -d**2 + 6*d + 1. Suppose 162 + 90 = 7*i. Suppose 0*u = -5*s - 4*u + 146, 2*s = -2*u + 58. Let x = i - s. Calculate z(x).
1
Let k(i) = -i**2 - 10*i - 4. Let j(q) = 2*q. Let l(v) = 6*j(v) + k(v). Let z be 1 + 0 + (-8)/(-8). Give l(z).
-4
Let y = -14 + 9. Let b = y - -8. Let u(q) be the third derivative of q**4/24 - q**3/2 - 22*q**2 - 3*q + 4. Determine u(b).
0
Let h(j) = 3*j**3 + 7*j**2 + 7*j**2 - 24*j + 29 - 2*j**3 - 42 - 2*j**3. Give h(12).
-13
Let s(f) = 7*f + 2. Let n(z) = -7*z - 1. Let w(u) = 4*n(u) + 3*s(u). Suppose -3*c - 694 + 703 = 0. Let l be (2 + c + -4)*(8 + -10). Determine w(l).
16
Suppose 3*s - 2 = 7, z + 13 = 4*s. Let h(l) = 31*l - 19. Let g(y) = 20*y - 12. Let j be ((-16)/(-3))/(8/(-60)*-5). Let t(o) = j*g(o) - 5*h(o). What is t(z)?
-6
Let t(q) = -44*q - 539. Let j be t(-12). Let o(l) = 2*l**2 + 24*l + 17. Determine o(j).
-5
Suppose 6*m = 9*m - 9. Let y(n) = -114 - n**2 + 115 - 13*n + 16*n. Give y(m).
1
Let j(s) be the first derivative of s**5/20 - s**4/6 - 2*s**3/3 + 3*s**2/2 - 16*s - 188. Let x(m) be the first derivative of j(m). Calculate x(2).
-5
Let j = -173 + 175. Let y be (5/j)/(((-10)/(-4))/(-5)). Let b(w) = -3*w**2 + 12*w + 5. Let n(m) = 4*m**2 - 13*m - 6. Let f(s) = -6*b(s) - 5*n(s). Give f(y).
-15
Let m(q) be the first derivative of -q**4/4 - 23*q**3/3 + q**2/2 + 29*q + 1474. Determine m(-23).
6
Let x(n) = n**3 - 65*n - 158. Let u be x(-6). Let h(s) = -s**2 + 17*s - 6. What is h(u)?
10
Let p(j) = 8*j - 13. Suppose 5*a - 9 = -4*h - 3, -a - 14 = -3*h. Calculate p(h).
19
Let j(f) = -128*f + 121. Let u(r) = -59*r + 55. Let x(w) = -6*j(w) + 13*u(w). Calculate x(-9).
-20
Let z be ((-3)/(-6) - (-10)/(-4))*-2. Let u(f) = -4 - z + 4 - 2*f + 9. Let q(a) = -6*a + 16. Let p(d) = -5*q(d) + 16*u(d). Calculate p(-3).
6
Suppose -76 + 598 = 35*d + 6*d + 276. Let z(p) = p**2 + 2 - 2. What is z(d)?
36
Let r(s) = -s**3 - 3*s**2 + 3*s - 1. Let f be r(-4). Let m(w) be the third derivative of 0*w + 1/12*w**4 - 1/3*w**3 - 26*w**2 + 0 - 1/60*w**5. Determine m(f).
-5
Suppose 541*f - 535*f + 30 = 0. Let p(k) = -16*k**2 - 3*k - 2. Let w(h) = -31*h**2 - 5*h - 3. Let o(c) = f*p(c) + 3*w(c). Give o(-1).
-12
Let y(x) = x + 10. Suppose -2*d + 0*a - 26 = 5*a, 2*d + a + 34 = 0. Let t be ((-40)/6)/(-8 - 156/d). Give y(t).
0
Suppose -3*t - 14 = -4*n - 1, -n - 5*t = -9. Let h(s) = 4*s - 6. Let p be h(n). Let w(j) = 14*j - p*j - 3*j + 6*j**2. Give w(-1).
5
Suppose -55*n = -78*n - 46. Let b(d) be the third derivative of -d**5/30 + d**3/6 + 2*d**2. Calculate b(n).
-7
Suppose 5*a = 16 - 31. Let o be a/((1 + -2)*5 - -4). Let v(m) = -17*m**2 + 11*m**2 - 7*m**2 + m**o - 2. Determine v(13).
-2
Let u(h) = 4781*h - 1 - 11*h**2 + 4782*h - 9564*h. Suppose 6*b + 8 = 4*b - 3*d, -b - 5 = 2*d. Give u(b).
-11
Suppose s - 5*s = 28. Let p(q) = 4*q - 7. Let n be ((-340)/25)/4 - 4/(-10). Let o(y) = -5*y + 9. Let l(r) = n*o(r) - 4*p(r). Give l(s).
8
Let n be 23/(276/44) + 4/(-6). Let b(s) = s + 12. Let q be b(-9). Let u(j) = 4 - j**q - 3*j + 2*j**3 - 2*j**2 - 1. Give u(n).
3
Suppose -a + 3*g = 0, 5*a + 10*g - 20 = 5*g. Suppose -3*m + 47 = 3*b - 13, 6 = a*m. Let k be (b/4)/((-3)/4). Let t(n) = -n**2 - 5*n + 7. Determine t(k).
1
Let h = -14184 - -14174. Let g(p) = p**3 + 11*p**2 + 12*p + 24. Calculate g(h).
4
Let y be ((-15)/(-8))/((-555)/740) + (-10)/(-4). Let q(r) = r**2 + 2*r - 25. What is q(y)?
-25
Let y(p) = 1014*p - 2042*p + 1 + 1021*p + 1 - p**2. Calculate y(-10).
-28
Let x be (6/7)/(0 + 10/35). Let r(b) = b**2 + 8 - 25 + 0 + x*b**2 + 19 - b**3. Calculate r(5).
-23
Suppose -b - 58 = -5*t + 4, -3*t + 4*b = -44. Let a be (-6)/4*(-2 - t). Suppose -3*k - k + 12 = -4*z, 3*z + 3*k = -a. Let q(s) = -2*s + 6. Give q(z).
16
Let k(l) = -19*l**3 + l - 2*l**2 + 0*l**3 + 5 + 6*l + 9*l**2 + 10*l**3 + 8*l**3. Let q be 12*(-2)/12*4. Let x be (4/2)/((-2)/q). Give k(x).
-3
Suppose -r = -23 + 19. Let o be (8/(-120)*10)/(r/(-66)). Let c(m) = m - 1. Give c(o).
10
Let l(v) = v**2 + 22*v - 6. Let y(z) = 3*z**2 + 89*z - 24. Let i(g) = -9*l(g) + 2*y(g). Let p(a) = 2*a**2 + 12*a - 3. Let d(x) = 3*i(x) + 5*p(x). What is d(-4)?
19
Let o(m) = 5*m**3 - 23*m**2 + 10*m + 2. Let v(y) = -y**3 + 4*y**2 - y. Let c(h) = -o(h) - 6*v(h). Suppose 15 = -5*s - k, 2*s + k + 0*k = -6. What is c(s)?
-26
Let a(c) = c - 2*c - 4*c - 6 - c**2. Let z be -1 + 2 - (39 + -93). Suppose -5*y - s = -6*s + z, 3*y = -3*s - 3. Give a(y).
-12
Let z = 28 + -24. Let b(n) = n**2 - 14. Let y be b(z). Let d(x) = -3 - 2*x + 0*x - y + 2. Calculate d(-5).
7
Suppose -5*q + 30 = -5*d, -2*d - 2*d = -5*q + 27. Let h(p) be the first derivative of p**2 - 5*p + 1188. Calculate h(q).
1
Suppose 0 = 85*i - 88*i + 102. Let z = i + -30. Let m(v) = -72 + v + 2*v**2 + z*v + 71. Calculate m(-4).
11
Let k(y) = -y**3 + 11*y**2 - 9*y - 12. Suppose -4*h + 43 = -l, -3*h + 4*l + 42 =